1. Let v(h) = -3*h**2 + h. Let x(f) = f + 7. Let i be x(-6). Let p be v(i). What is d(p)?
-1
Suppose 1 = 2*h - 5. Let w(s) = s**2 + 8*s - 6. Let k be w(-9). Let i(g) = g**2 - g + 4. Let p(j) = -j**2 - 4. Let n(v) = k*i(v) + 2*p(v). Give n(h).
4
Let a(h) = h**3 + 11*h**2 - 12*h - 4. Let y be a(-12). Let m(l) = -l**3 - 4*l**2 - 2. What is m(y)?
-2
Let i(k) = k**3 + k**2 - k - 1. Let s = 6 + -3. Let z be 0/(-1) + s + -1. Suppose w - 13 = -3*u, -2*u = z*w - 3*u + 9. What is i(w)?
-3
Let d(g) be the first derivative of g**4/4 - 2*g**3 - g**2/2 + 6*g + 1. Let n be d(6). Let i(f) = f**2 - f + 5. What is i(n)?
5
Let j(n) be the third derivative of n**4/24 + n**3/2 + n**2. Let h = 1 - 0. Let s be h/((-10)/8 - -1). What is j(s)?
-1
Let z(j) = 2*j**3 - j**3 + j - 2 + 2*j**2 + 1. Suppose -5*i + 19 = 4. Let x = -5 + i. Calculate z(x).
-3
Let h(q) = q**2 + q - 4. Let w be h(-3). Let i(v) = -v**2 - 3*v - 6 + v - w*v. Calculate i(-4).
-6
Let d(z) be the first derivative of -z**2/2 - 12*z + 55. Let c(t) = -t**3 + 6*t**2 - 4*t - 5. Let b be c(5). What is d(b)?
-12
Suppose -3*h + 18 = -5*d, 0*h + 6 = h + 2*d. Let g be (6/9)/(4/18). Let o(c) = 0 - 2 - 3*c + 4*c - g. Calculate o(h).
1
Let a(c) be the third derivative of -c**8/20160 - c**7/1680 + c**6/180 - c**5/30 - 3*c**2. Let b(l) be the third derivative of a(l). What is b(-5)?
-6
Suppose 4*x - 9 = 3. Suppose -x*z = 2*z - 10. Let h(w) be the first derivative of 5*w**2/2 + 1. Calculate h(z).
10
Suppose -u = -0*u. Let o(h) = -3 + u*h + 1 - h. Let m be (-10 + 11)*3*-1. Give o(m).
1
Let l(b) = -b. Let z = -7 - -9. Suppose 12 = 4*i, 0*i = -5*j - z*i + 36. Calculate l(j).
-6
Let t(g) = g**3 + g - 2. Let h be (25/4 - 2)*8. Suppose 4*v + 7 + 13 = 2*m, -5*v - h = -4*m. Suppose -3*l = -m*l. Calculate t(l).
-2
Let n(w) = 2*w**2 - 3*w + 3. Let g(s) = 4*s**2 + 52*s + 2. Let m be g(-13). What is n(m)?
5
Let w(z) = -2*z + 1. Let k(q) = 10*q - 5. Let j(c) = 2*k(c) + 11*w(c). Determine j(-6).
13
Let q = 6 + -18. Let j be (27/q)/(3/(-16)). Let u be 3/j - (-19)/4. Let l(o) = -o - 1. Determine l(u).
-6
Suppose 1 = -3*i + 22. Let d = i - 5. Let h(j) = -6*j**2 + d*j + 0*j + 3*j**2 + j**3. Give h(3).
6
Suppose 0 = 2*q + 5*y + 27, 2*q - 4*y + 3 = -y. Let i(o) = o**3 + 7*o**2 + 9*o + 5. Give i(q).
-13
Let w(z) = 4*z**3. Let n = -120 - -119. Calculate w(n).
-4
Let s be (-6)/8*-4 - -3. Let z be -1 - (-1)/(-2)*s. Let i(u) = u - 4. Determine i(z).
-8
Let f(s) be the third derivative of -s**5/60 + 7*s**4/24 + s**3/6 - 20*s**2. Determine f(7).
1
Let h(g) = -2*g**2 - 2*g - 6. Let o(q) = 11*q**2 + 11*q + 34. Let y(j) = 34*h(j) + 6*o(j). Calculate y(-3).
-12
Let t(p) = -2*p**3 + 2*p**2 + 3*p - 3. Let w(s) = -s**2 + 7*s - 10. Let k be w(7). Let b = -8 - k. Suppose 0 = b*y - 3*y + 2. Give t(y).
-5
Let w(s) = -s**2 + 7*s. Let k = 12 + -33. Let v be 3/(k/15 + 2). Calculate w(v).
10
Let v(y) be the second derivative of 3*y**3/2 + y**2/2 - y. Suppose -i = 4*p + 8, -5*i - p = 2*p + 74. Let r be -3*(-1 - i/12). Calculate v(r).
-8
Let l be (102/34)/((-6)/4). Let q(f) = -4*f - 3 + 3*f - f. Give q(l).
1
Let n(q) = -4*q + 0*q + 5*q. Calculate n(5).
5
Let b(q) = -8*q**3 + 2*q**2 + 294 - q**3 - 295. What is b(-1)?
10
Let q(h) = 3*h**2 + 3 + 0 - 3*h**3 - h + 2*h**3 + 2*h**3. What is q(-3)?
6
Let o(x) = -2*x - 8. Let i(u) = -3*u - 12. Suppose 4*d = -d + 40. Let h(c) = d*o(c) - 5*i(c). Give h(-3).
-1
Let w(v) = v - 2. Let q be w(5). Let y(l) = -l**3 + 2*l**2 - l - 2. Calculate y(q).
-14
Let c(m) = 2 + 2*m + 2*m**2 - 3*m**2 + m - 1. What is c(5)?
-9
Suppose -4*u + 14 = 2. Let c(v) = -2*v - 1. Determine c(u).
-7
Suppose -3*p + 35 = -2*m + 15, -5*m - 20 = 0. Let o(h) = h**2 - 6*h + 3. What is o(p)?
-5
Let x = 2 - 2. Suppose -2*z - 3*t - 13 = x, z + t + 0 = -5. Let k(o) be the second derivative of o**5/20 + o**4/6 - o**3/6 - o**2 - 2*o. Give k(z).
0
Let n(l) = l**3 + 9*l**2 - l - 4. Let p be n(-9). Suppose 4*w = p*w - 1. Let r(j) be the third derivative of j**4/8 + j**2. Give r(w).
3
Let g(b) = -2*b**3 + 2*b + 1. Let h be g(-1). Let p(t) = t. Let q(d) = -4*d + 1. Let l(m) = 6*p(m) + q(m). Calculate l(h).
3
Let o(x) = -5*x**2 + 14*x - 1. Let i(v) = 3*v**2 - 6*v. Let b(s) = -5*i(s) - 2*o(s). Calculate b(-2).
-22
Let l(p) = -2*p - 2. Let a(r) = -r - 1. Let w(s) = 13*a(s) - 6*l(s). Let n be -12*3/(1*6). Determine w(n).
5
Let j(h) be the second derivative of 11*h**5/20 - h**3/6 + h. Let g = 40 + -41. What is j(g)?
-10
Let y(m) = m**2 - 8*m + 8. Let x(k) = -2*k**2 + 17*k - 17. Let v(n) = -2*x(n) - 5*y(n). Give v(6).
-6
Suppose 17 = -4*y + 9. Let x(t) be the first derivative of -t**2 - 2*t - 1. Give x(y).
2
Suppose 7*p + 16 + 5 = 0. Let q(o) = 2*o**2 + 3*o + 3. Calculate q(p).
12
Suppose g + 4*g = -10. Let n(b) be the third derivative of b**4/6 + b**3/2 - b**2. Determine n(g).
-5
Let v = -3 + 5. Let o = v - -2. Let f(g) = -4 + 0 + o - g**2 + 5. Give f(0).
5
Let n(t) = -t**3 - 2*t**2 + 4*t + 2. Suppose -2*z + 3 = -y - 10, 5*y = -4*z + 5. Give n(y).
-1
Let l(b) = -3*b - 2 - b**2 + 3 - 2. What is l(-1)?
1
Let m(g) = g + 6. Let h be m(-6). Suppose 4 = -5*o - r, -r = -h + 4. Let t(w) = -w**2 + 7. What is t(o)?
7
Let y = 10 + -7. Let s(m) = 0*m**y + 3 - 5*m**2 - 2 + m**3. Calculate s(5).
1
Let v(p) be the third derivative of p**4/24 - p**3/6 + 8*p**2. Let l = 6 - 2. Let u be l/10 - 6/15. Calculate v(u).
-1
Let v(z) = 7*z. Let r be 4/(-40)*-4*(-5)/(-2). Calculate v(r).
7
Let m(y) = 3*y**2 - y. Let c be m(1). Let g be 15/(-12) - c/(-8). Let n(q) = -q**3 - q**2 - q - 1. What is n(g)?
0
Let a(j) = -11*j**2 - 3. Let z(u) = -12*u**2 - 4. Let f(n) = 3*a(n) - 2*z(n). Let w = -111 - -112. Give f(w).
-10
Let v(j) = -2*j - 6. Suppose -3*w = 5*l + 71, -38 - 22 = 4*l + 4*w. Let b = 7 + l. Give v(b).
6
Let y(h) = 3*h**2 + 5*h**2 - 6*h**2. Let v = 2 + -1. Suppose -2*f = v + 1. Give y(f).
2
Let a(y) be the third derivative of -y**4/24 - 11*y**3/6 + 12*y**2. Give a(-13).
2
Let l(c) be the second derivative of -c**5/60 - c**4/12 + 4*c**3/3 + 5*c. Let m(n) be the second derivative of l(n). What is m(3)?
-8
Let c(l) = l - 1. Suppose 6*w - 8*w - 10 = 0. Let j be c(w). Let a(s) be the third derivative of -s**5/60 - 5*s**4/24 + 7*s**3/6 + s**2. Give a(j).
1
Let l(b) = -b**3 + 9*b**2 - 8*b + 11. Suppose 3*d - 7*d = 0, -d - 16 = -2*h. Give l(h).
11
Let h(u) be the first derivative of -u**3/3 + u**2/2 + 8*u + 58. Determine h(0).
8
Let p(k) = -8*k**2 + k. Let u = -16 + 17. What is p(u)?
-7
Suppose -d + 0*d - 8 = 4*a, 32 = 3*d - 2*a. Let x(m) = -2*m + 12 + 3*m - d. Give x(-6).
-2
Let c(i) = -4*i - 5. Let q(n) = 5*n + 6. Let z(a) = 4*c(a) + 3*q(a). Calculate z(7).
-9
Let v(i) = i**3 - 3*i + 1. Let y(t) = t**2 - t + 3. Let j be y(0). Let g be j/(-1 + (1 - -1)). Suppose 2*d + n + 5 = 6*d, -g*d - 5*n = -21. Determine v(d).
3
Let a(u) = -u**2 - u + 7. Suppose -3*v + v - 2 = -2*y, v = -2*y + 2. Calculate a(v).
7
Suppose 5*b = 3*b + 4. Let x(l) = -2*l**3 + 3*l**2 - l + 1. Let u be x(b). Let k(c) = 2*c - 3. Let h(i) = -2*i + 2. Let v(d) = -6*h(d) - 5*k(d). What is v(u)?
-7
Suppose 14 = 3*t + 2. Let c(x) = 2*x - 8*x + 7 + t*x. Let z(p) = -2*p + 6. Let k(m) = -2*c(m) + 3*z(m). Give k(5).
-6
Let z(g) = g**2 - g + 1. Let b(d) = -7*d**2 + d - 2. Let m(a) = -b(a) - 6*z(a). Give m(-5).
-4
Let t = 20 + -16. Let u(r) = -r**3 - 5 - 8*r**3 + 4 + t*r**3. What is u(-1)?
4
Let j(l) be the third derivative of l**4/8 + 5*l**3/6 + 16*l**2. What is j(-4)?
-7
Let f(b) = 6 - 1 + 54*b**2 - 55*b**2 + 6. Give f(0).
11
Suppose 6 = 2*n - 3*n - 3*q, 4*n + 5*q = -24. Let z(k) = k**2 + 8*k + 9. What is z(n)?
-3
Let s(a) = 3*a. Let o(w) = -6*w - 1. Let m(p) = 2*o(p) + 5*s(p). Give m(4).
10
Suppose -12 - 3 = 5*x. Let w(n) = 4*n**3 + 3*n**2 + 3*n + 6. Let h(c) = 11*c**3 + 9*c**2 + 9*c + 17. Let i(z) = -3*h(z) + 8*w(z). Determine i(x).
6
Let h(g) = -4*g + 1. Let z be (2/4)/((-1)/(-2)). Let c be h(z). Let y(s) be the third derivative of s**4/24 + s**3/2 - s**2. What is y(c)?
0
Let x(y) = -y**3 + y**2 + 4*y - 9. Let q(s) = s**3 - 3*s + 9. Let t(z) = 4*q(z) + 5*x(z). Suppose 3*v - 27 = -9. Calculate t(v).
3
Let u be (3 - 1 - 1)*-3. Let g(i) = 8*i - 9*i - 13*i**2 + 14*i**2 - 1. What is g(u)?
11
Let n be (26/(-8))/(2/8). Let w = n + 11. Let v(h) = -h**3 + h. Determine v(w).
6
Let b(u) = 2*u - 13. Let c(p) = 3*p - 20. Let t(s) = 8*b(s) - 5*c(s). 